igit of 6479?
9
What is the tens digit of 22617?
1
What is the units digit of 1157?
7
What is the units digit of 3203?
3
What is the tens digit of 11900?
0
What is the ten thousands digit of 12721?
1
What is the units digit of 1528?
8
What is the tens digit of 1606?
0
What is the hundreds digit of 172668?
6
What is the hundreds digit of 527?
5
What is the hundreds digit of 1758?
7
What is the units digit of 30901?
1
What is the units digit of 1169?
9
What is the units digit of 74593?
3
What is the hundreds digit of 4009?
0
What is the hundred thousands digit of 127641?
1
What is the hundreds digit of 14957?
9
What is the hundred thousands digit of 165216?
1
What is the units digit of 412?
2
What is the ten thousands digit of 13317?
1
What is the tens digit of 5538?
3
What is the units digit of 29595?
5
What is the tens digit of 41558?
5
What is the tens digit of 105415?
1
What is the units digit of 1536?
6
What is the ten thousands digit of 12353?
1
What is the thousands digit of 3645?
3
What is the hundreds digit of 986?
9
What is the units digit of 3023?
3
What is the hundreds digit of 2722?
7
What is the thousands digit of 12186?
2
What is the hundreds digit of 1008?
0
What is the units digit of 70?
0
What is the tens digit of 4371?
7
What is the hundreds digit of 11911?
9
What is the hundreds digit of 497?
4
What is the units digit of 1809?
9
What is the ten thousands digit of 20178?
2
What is the thousands digit of 7030?
7
What is the units digit of 1064?
4
What is the thousands digit of 1535?
1
What is the tens digit of 8779?
7
What is the units digit of 161?
1
What is the tens digit of 3029?
2
What is the hundreds digit of 1506?
5
What is the hundreds digit of 41103?
1
What is the tens digit of 33444?
4
What is the thousands digit of 8168?
8
What is the thousands digit of 6826?
6
What is the hundreds digit of 24204?
2
What is the tens digit of 221?
2
What is the tens digit of 28357?
5
What is the tens digit of 32673?
7
What is the hundreds digit of 42409?
4
What is the tens digit of 2762?
6
What is the hundreds digit of 3514?
5
What is the units digit of 49119?
9
What is the thousands digit of 2116?
2
What is the tens digit of 8014?
1
What is the ten thousands digit of 38240?
3
What is the hundreds digit of 1232?
2
What is the tens digit of 96?
9
What is the hundreds digit of 1195?
1
What is the hundreds digit of 72193?
1
What is the ten thousands digit of 21157?
2
What is the tens digit of 911?
1
What is the hundreds digit of 4085?
0
What is the hundreds digit of 1147?
1
What is the hundreds digit of 125?
1
What is the thousands digit of 6053?
6
What is the tens digit of 1509?
0
What is the thousands digit of 6865?
6
What is the units digit of 322?
2
What is the hundreds digit of 1340?
3
What is the hundreds digit of 80387?
3
What is the hundreds digit of 4741?
7
What is the units digit of 26347?
7
What is the thousands digit of 2721?
2
What is the hundreds digit of 50357?
3
What is the units digit of 1880?
0
What is the hundreds digit of 3326?
3
What is the hundreds digit of 377?
3
What is the units digit of 15004?
4
What is the ten thousands digit of 18206?
1
What is the units digit of 65445?
5
What is the tens digit of 1975?
7
What is the tens digit of 771?
7
What is the hundreds digit of 195?
1
What is the thousands digit of 2250?
2
What is the hundreds digit of 26313?
3
What is the hundreds digit of 2949?
9
What is the thousands digit of 5348?
5
What is the tens digit of 2347?
4
What is the tens digit of 46834?
3
What is the hundreds digit of 804?
8
What is the thousands digit of 10652?
0
What is the ten thousands digit of 88253?
8
What is the thousands digit of 2672?
2
What is the units digit of 1922?
2
What is the hundreds digit of 97557?
5
What is the hundreds digit of 336?
3
What is the tens digit of 12656?
5
What is the units digit of 10294?
4
What is the units digit of 43813?
3
What is the units digit of 641?
1
What is the ten thousands digit of 11653?
1
What is the tens digit of 25812?
1
What is the hundreds digit of 537?
5
What is the units digit of 36676?
6
What is the hundreds digit of 1601?
6
What is the ten thousands digit of 56122?
5
What is the units digit of 941?
1
What is the tens digit of 5353?
5
What is the ten thousands digit of 19601?
1
What is the ten thousands digit of 170194?
7
What is the hundreds digit of 893?
8
What is the tens digit of 92160?
6
What is the thousands digit of 27577?
7
What is the units digit of 24254?
4
What is the tens digit of 955?
5
What is the units digit of 2985?
5
What is the tens digit of 14049?
4
What is the thousands digit of 2871?
2
What is the ten thousands digit of 90948?
9
What is the thousands digit of 63852?
3
What is the thousands digit of 9464?
9
What is the hundreds digit of 2021?
0
What is the tens digit of 4212?
1
What is the tens digit of 52957?
5
What is the thousands digit of 1091?
1
What is the hundreds digit of 922?
9
What is the units digit of 479?
9
What is the units digit of 29810?
0
What is the tens digit of 2151?
5
What is the units digit of 18602?
2
What is the ten thousands digit of 10019?
1
What is the tens digit of 8386?
8
What is the tens digit of 426?
2
What is the thousands digit of 53879?
3
What is the tens digit of 6814?
1
What is the hundreds digit of 2374?
3
What is the tens digit of 674?
7
What is the tens digit of 572?
7
What is the tens digit of 859?
5
What is the units digit of 477?
7
What is the tens digit of 1236?
3
What is the units digit of 3803?
3
What is the hundreds digit of 236?
2
What is the units digit of 2466?
6
What is the ten thousands digit of 51565?
5
What is the hundreds digit of 1164?
1
What is the hundreds digit of 5922?
9
What is the units digit of 712?
2
What is the tens digit of 50115?
1
What is the hundreds digit of 10898?
8
What is the thousands digit of 2257?
2
What is the tens digit of 820?
2
What is the units digit of 281?
1
What is the tens digit of 48906?
0
What is the units digit of 440?
0
What is the thousands digit of 33830?
3
What is the units digit of 6645?
5
What is the tens digit of 8141?
4
What is the tens digit of 24284?
8
What is the thousands digit of 26762?
6
What is the thousands digit of 1140?
1
What is the thousands digit of 20580?
0
What is the tens digit of 5433?
3
What is the tens digit of 40223?
2
What is the tens digit of 3932?
3
What is the units digit of 2231?
1
What is the hundreds digit of 4132?
1
What is the ten thousands digit of 30501?
3
What is the tens digit of 6458?
5
What is the units digit of 8346?
6
What is the tens digit of 44200?
0
What is the tens digit of 949?
4
What is the units digit of 4?
4
What is the hundreds digit of 1872?
8
What is the units digit of 5269?
9
What is the ten thousands digit of 12357?
1
What is the tens digit of 52?
5
What is the tens digit of 10110?
1
What is the units digit of 2465?
5
What is the thousands digit of 1594?
1
What is the tens digit of 61397?
9
What is the units digit of 6473?
3
What is the tens digit of 526?
2
What is the tens digit of 47419?
1
What is the hundreds digit of 509?
5
What is the tens digit of 14644?
4
What is the tens digit of 854?
5
What is the hundreds digit of 1068?
0
What is the hundreds digit of 1014?
0
What is the tens digit of 286?
8
What is the ten thousands digit of 10343?
1
What is the hundreds digit of 300?
3
What is the tens digit of 596?
9
What is the thousands digit of 52069?
2
What is the units digit of 16254?
4
What is the thousands digit of 4978?
4
What is the ten thousands digit of 73493?
7
What is the thousands digit of 1161?
1
What is the tens digit of 8026?
2
What is the thousands digit of 9117?
9
What is the tens digit of 3512?
1
What is the thousands digit of 13949?
3
What is the units digit of 3322?
2
What is the ten thousands digit of 62974?
6
What is the hundreds digit of 5388?
3
What is the units digit of 415?
5
What is the tens digit of 10402?
0
What is the hundreds digit of 201?
2
What is the units digit of 82721?
1
What is the hundreds digit of 8984?
9
What is the thousands digit of 6931?
6
What is the tens digit of 11557?
5
What is the hundreds digit of 324?
3
What is the thousands digit of 3007?
3
What is the thousands digit of 10113?
0
What is the thousands digit of 66483?
6
What is the units